{"id":589,"date":"2025-09-10T12:23:14","date_gmt":"2025-09-10T10:23:14","guid":{"rendered":"https:\/\/www.soudeblyes.fr\/?post_type=tribe_events&#038;p=589"},"modified":"2025-09-10T12:26:33","modified_gmt":"2025-09-10T10:26:33","slug":"les-blyoches","status":"publish","type":"tribe_events","link":"https:\/\/www.soudeblyes.fr\/?tribe_events=les-blyoches","title":{"rendered":"LES BLYOCHES"},"content":{"rendered":"<p><strong>\ud83c\udf5e Grande vente de brioches le 20 septembre ! \ud83c\udf5e<\/strong><\/p>\n<p>Parents, enfants, amis du Sou des \u00e9coles, pr\u00e9parez-vous pour notre <strong>traditionnelle vente de brioches<\/strong> qui aura lieu le <strong>samedi 20 septembre<\/strong> dans les rues de Blyes !<\/p>\n<p>Cette ann\u00e9e encore, les enfants et leurs parents d\u00e9ambuleront dans le village pour vous proposer les d\u00e9licieuses brioches de la Miette d&rsquo;Adripain. L&rsquo;occasion de se retrouver et de soutenir les projets scolaires dans la bonne humeur !<\/p>\n<p>\ud83d\udcc5 <strong>D\u00e9part \u00e0 9h<\/strong> devant la mairie, alors <strong>rendez-vous \u00e0 8h45<\/strong> pour se pr\u00e9parer avant de parcourir les rues ensemble.<\/p>\n<p>Votre participation est essentielle pour faire de cette journ\u00e9e une belle r\u00e9ussite, alors <strong>venez nombreux<\/strong>, pr\u00eats \u00e0 passer un super moment pour la bonne cause !<\/p>\n<p>\u00c0 tr\u00e8s bient\u00f4t pour une matin\u00e9e gourmande et joyeuse \ud83c\udf89<\/p>\n<p><img decoding=\"async\" loading=\"lazy\" class=\"alignleft wp-image-595 \" src=\"https:\/\/www.soudeblyes.fr\/wp-content\/uploads\/2025\/09\/LES-BLYOCHES-1.png\" alt=\"\" width=\"376\" height=\"534\" srcset=\"https:\/\/www.soudeblyes.fr\/wp-content\/uploads\/2025\/09\/LES-BLYOCHES-1.png 4405w, https:\/\/www.soudeblyes.fr\/wp-content\/uploads\/2025\/09\/LES-BLYOCHES-1-211x300.png 211w, https:\/\/www.soudeblyes.fr\/wp-content\/uploads\/2025\/09\/LES-BLYOCHES-1-722x1024.png 722w, https:\/\/www.soudeblyes.fr\/wp-content\/uploads\/2025\/09\/LES-BLYOCHES-1-768x1090.png 768w, https:\/\/www.soudeblyes.fr\/wp-content\/uploads\/2025\/09\/LES-BLYOCHES-1-1083x1536.png 1083w, https:\/\/www.soudeblyes.fr\/wp-content\/uploads\/2025\/09\/LES-BLYOCHES-1-1443x2048.png 1443w\" sizes=\"(max-width: 376px) 100vw, 376px\" \/><\/p>\n","protected":false},"excerpt":{"rendered":"<p>\ud83c\udf5e Grande vente de brioches le 20 septembre ! \ud83c\udf5e Parents, enfants, amis du Sou des \u00e9coles, pr\u00e9parez-vous pour notre traditionnelle vente de brioches qui aura lieu le samedi 20 septembre dans les rues de Blyes ! Cette ann\u00e9e encore, &hellip; <\/p>\n","protected":false},"author":1,"featured_media":0,"comment_status":"open","ping_status":"closed","template":"","meta":{"_tribe_events_status":"","_tribe_events_status_reason":""},"tags":[],"tribe_events_cat":[],"_links":{"self":[{"href":"https:\/\/www.soudeblyes.fr\/index.php?rest_route=\/wp\/v2\/tribe_events\/589"}],"collection":[{"href":"https:\/\/www.soudeblyes.fr\/index.php?rest_route=\/wp\/v2\/tribe_events"}],"about":[{"href":"https:\/\/www.soudeblyes.fr\/index.php?rest_route=\/wp\/v2\/types\/tribe_events"}],"author":[{"embeddable":true,"href":"https:\/\/www.soudeblyes.fr\/index.php?rest_route=\/wp\/v2\/users\/1"}],"replies":[{"embeddable":true,"href":"https:\/\/www.soudeblyes.fr\/index.php?rest_route=%2Fwp%2Fv2%2Fcomments&post=589"}],"version-history":[{"count":3,"href":"https:\/\/www.soudeblyes.fr\/index.php?rest_route=\/wp\/v2\/tribe_events\/589\/revisions"}],"predecessor-version":[{"id":597,"href":"https:\/\/www.soudeblyes.fr\/index.php?rest_route=\/wp\/v2\/tribe_events\/589\/revisions\/597"}],"wp:attachment":[{"href":"https:\/\/www.soudeblyes.fr\/index.php?rest_route=%2Fwp%2Fv2%2Fmedia&parent=589"}],"wp:term":[{"taxonomy":"post_tag","embeddable":true,"href":"https:\/\/www.soudeblyes.fr\/index.php?rest_route=%2Fwp%2Fv2%2Ftags&post=589"},{"taxonomy":"tribe_events_cat","embeddable":true,"href":"https:\/\/www.soudeblyes.fr\/index.php?rest_route=%2Fwp%2Fv2%2Ftribe_events_cat&post=589"}],"curies":[{"name":"wp","href":"https:\/\/api.w.org\/{rel}","templated":true}]}}

<p><strong>🍞 Grande vente de brioches le 20 septembre ! 🍞</strong></p>
<p>Parents, enfants, amis du Sou des écoles, préparez-vous pour notre <strong>traditionnelle vente de brioches</strong> qui aura lieu le <strong>samedi 20 septembre</strong> dans les rues de Blyes !</p>
<p>Cette année encore, les enfants et leurs parents déambuleront dans le village pour vous proposer les délicieuses brioches de la Miette d&rsquo;Adripain. L&rsquo;occasion de se retrouver et de soutenir les projets scolaires dans la bonne humeur !</p>
<p>📅 <strong>Départ à 9h</strong> devant la mairie, alors <strong>rendez-vous à 8h45</strong> pour se préparer avant de parcourir les rues ensemble.</p>
<p>Votre participation est essentielle pour faire de cette journée une belle réussite, alors <strong>venez nombreux</strong>, prêts à passer un super moment pour la bonne cause !</p>
<p>À très bientôt pour une matinée gourmande et joyeuse 🎉</p>
<p><img decoding="async" loading="lazy" class="alignleft wp-image-595 " src="https://www.soudeblyes.fr/wp-content/uploads/2025/09/LES-BLYOCHES-1.png" alt="" width="376" height="534" srcset="https://www.soudeblyes.fr/wp-content/uploads/2025/09/LES-BLYOCHES-1.png 4405w, https://www.soudeblyes.fr/wp-content/uploads/2025/09/LES-BLYOCHES-1-211x300.png 211w, https://www.soudeblyes.fr/wp-content/uploads/2025/09/LES-BLYOCHES-1-722x1024.png 722w, https://www.soudeblyes.fr/wp-content/uploads/2025/09/LES-BLYOCHES-1-768x1090.png 768w, https://www.soudeblyes.fr/wp-content/uploads/2025/09/LES-BLYOCHES-1-1083x1536.png 1083w, https://www.soudeblyes.fr/wp-content/uploads/2025/09/LES-BLYOCHES-1-1443x2048.png 1443w" sizes="(max-width: 376px) 100vw, 376px" /></p>

<p>🍞 Grande vente de brioches le 20 septembre ! 🍞 Parents, enfants, amis du Sou des écoles, préparez-vous pour notre traditionnelle vente de brioches qui aura lieu le samedi 20 septembre dans les rues de Blyes ! Cette année encore, &hellip; </p>
