{"id":535,"date":"2025-03-20T10:56:59","date_gmt":"2025-03-20T09:56:59","guid":{"rendered":"https:\/\/www.soudeblyes.fr\/?post_type=tribe_events&#038;p=535"},"modified":"2026-02-21T10:08:08","modified_gmt":"2026-02-21T09:08:08","slug":"10-km-de-blyes-2","status":"publish","type":"tribe_events","link":"https:\/\/www.soudeblyes.fr\/?tribe_events=10-km-de-blyes-2","title":{"rendered":"La course des Brotteaux"},"content":{"rendered":"<p>Venez nous rejoindre le dimanche 26 avril matin pour faire un peu de sport avec nous.<\/p>\n<p><em>RDV au plan de d&rsquo;eau de Blyes : Route de plan d&rsquo;eau 01150 Blyes. Le d\u00e9part \u00e0 lieu de l&rsquo;autre cot\u00e9 de la passerelle, derri\u00e8re le restaurant.<\/em><\/p>\n<div>\n<div>Toutes les informations concernant l&rsquo;\u00e9v\u00e8nement ici :\u00a0<a href=\"https:\/\/lacoursedesbrotteaux.fr\/#\">https:\/\/lacoursedesbrotteaux.fr\/#<\/a><\/div>\n<\/div>\n<p>Nous vous attendons nombreux pour courir, p\u00e9daler ou tout simplement pour passer un bon moment pour supporter tous les sportifs\u00a0<span class=\"x3nfvp2 x1j61x8r x1fcty0u xdj266r xhhsvwb xat24cr xgzva0m xxymvpz xlup9mm x1kky2od\"><img decoding=\"async\" loading=\"lazy\" src=\"https:\/\/static.xx.fbcdn.net\/images\/emoji.php\/v9\/td6\/2\/16\/1f44d_1f3fb.png\" alt=\"\ud83d\udc4d\ud83c\udffb\" width=\"16\" height=\"16\" \/><\/span><span class=\"x3nfvp2 x1j61x8r x1fcty0u xdj266r xhhsvwb xat24cr xgzva0m xxymvpz xlup9mm x1kky2od\"><img decoding=\"async\" loading=\"lazy\" src=\"https:\/\/static.xx.fbcdn.net\/images\/emoji.php\/v9\/t1e\/2\/16\/1f60a.png\" alt=\"\ud83d\ude0a\" width=\"16\" height=\"16\" \/><\/span><span class=\"x3nfvp2 x1j61x8r x1fcty0u xdj266r xhhsvwb xat24cr xgzva0m xxymvpz xlup9mm x1kky2od\"><img decoding=\"async\" loading=\"lazy\" src=\"https:\/\/static.xx.fbcdn.net\/images\/emoji.php\/v9\/t9c\/2\/16\/1f64c.png\" alt=\"\ud83d\ude4c\" width=\"16\" height=\"16\" \/><\/span><span class=\"x3nfvp2 x1j61x8r x1fcty0u xdj266r xhhsvwb xat24cr xgzva0m xxymvpz xlup9mm x1kky2od\"><img decoding=\"async\" loading=\"lazy\" src=\"https:\/\/static.xx.fbcdn.net\/images\/emoji.php\/v9\/td8\/2\/16\/1f3c1.png\" alt=\"\ud83c\udfc1\" width=\"16\" height=\"16\" \/><\/span>.<\/p>\n","protected":false},"excerpt":{"rendered":"<p>Venez nous rejoindre le dimanche 26 avril matin pour faire un peu de sport avec nous. RDV au plan de d&rsquo;eau de Blyes : Route de plan d&rsquo;eau 01150 Blyes. Le d\u00e9part \u00e0 lieu de l&rsquo;autre cot\u00e9 de la passerelle, &hellip; <\/p>\n","protected":false},"author":1,"featured_media":0,"comment_status":"open","ping_status":"closed","template":"","meta":{"_tribe_events_status":"","_tribe_events_status_reason":""},"tags":[],"tribe_events_cat":[],"_links":{"self":[{"href":"https:\/\/www.soudeblyes.fr\/index.php?rest_route=\/wp\/v2\/tribe_events\/535"}],"collection":[{"href":"https:\/\/www.soudeblyes.fr\/index.php?rest_route=\/wp\/v2\/tribe_events"}],"about":[{"href":"https:\/\/www.soudeblyes.fr\/index.php?rest_route=\/wp\/v2\/types\/tribe_events"}],"author":[{"embeddable":true,"href":"https:\/\/www.soudeblyes.fr\/index.php?rest_route=\/wp\/v2\/users\/1"}],"replies":[{"embeddable":true,"href":"https:\/\/www.soudeblyes.fr\/index.php?rest_route=%2Fwp%2Fv2%2Fcomments&post=535"}],"version-history":[{"count":5,"href":"https:\/\/www.soudeblyes.fr\/index.php?rest_route=\/wp\/v2\/tribe_events\/535\/revisions"}],"predecessor-version":[{"id":612,"href":"https:\/\/www.soudeblyes.fr\/index.php?rest_route=\/wp\/v2\/tribe_events\/535\/revisions\/612"}],"wp:attachment":[{"href":"https:\/\/www.soudeblyes.fr\/index.php?rest_route=%2Fwp%2Fv2%2Fmedia&parent=535"}],"wp:term":[{"taxonomy":"post_tag","embeddable":true,"href":"https:\/\/www.soudeblyes.fr\/index.php?rest_route=%2Fwp%2Fv2%2Ftags&post=535"},{"taxonomy":"tribe_events_cat","embeddable":true,"href":"https:\/\/www.soudeblyes.fr\/index.php?rest_route=%2Fwp%2Fv2%2Ftribe_events_cat&post=535"}],"curies":[{"name":"wp","href":"https:\/\/api.w.org\/{rel}","templated":true}]}}

<p>Venez nous rejoindre le dimanche 26 avril matin pour faire un peu de sport avec nous.</p>
<p><em>RDV au plan de d&rsquo;eau de Blyes : Route de plan d&rsquo;eau 01150 Blyes. Le départ à lieu de l&rsquo;autre coté de la passerelle, derrière le restaurant.</em></p>
<div>
<div>Toutes les informations concernant l&rsquo;évènement ici : <a href="https://lacoursedesbrotteaux.fr/#">https://lacoursedesbrotteaux.fr/#</a></div>
</div>
<p>Nous vous attendons nombreux pour courir, pédaler ou tout simplement pour passer un bon moment pour supporter tous les sportifs <span class="x3nfvp2 x1j61x8r x1fcty0u xdj266r xhhsvwb xat24cr xgzva0m xxymvpz xlup9mm x1kky2od"><img decoding="async" loading="lazy" src="https://static.xx.fbcdn.net/images/emoji.php/v9/td6/2/16/1f44d_1f3fb.png" alt="👍🏻" width="16" height="16" /></span><span class="x3nfvp2 x1j61x8r x1fcty0u xdj266r xhhsvwb xat24cr xgzva0m xxymvpz xlup9mm x1kky2od"><img decoding="async" loading="lazy" src="https://static.xx.fbcdn.net/images/emoji.php/v9/t1e/2/16/1f60a.png" alt="😊" width="16" height="16" /></span><span class="x3nfvp2 x1j61x8r x1fcty0u xdj266r xhhsvwb xat24cr xgzva0m xxymvpz xlup9mm x1kky2od"><img decoding="async" loading="lazy" src="https://static.xx.fbcdn.net/images/emoji.php/v9/t9c/2/16/1f64c.png" alt="🙌" width="16" height="16" /></span><span class="x3nfvp2 x1j61x8r x1fcty0u xdj266r xhhsvwb xat24cr xgzva0m xxymvpz xlup9mm x1kky2od"><img decoding="async" loading="lazy" src="https://static.xx.fbcdn.net/images/emoji.php/v9/td8/2/16/1f3c1.png" alt="🏁" width="16" height="16" /></span>.</p>

<p>Venez nous rejoindre le dimanche 26 avril matin pour faire un peu de sport avec nous. RDV au plan de d&rsquo;eau de Blyes : Route de plan d&rsquo;eau 01150 Blyes. Le départ à lieu de l&rsquo;autre coté de la passerelle, &hellip; </p>
